 419108772.
2, 3, 34925731
What are the prime factors of 194321686?
2, 13, 769, 9719
What are the prime factors of 127558246?
2, 63779123
What are the prime factors of 15223477?
15223477
List the prime factors of 79223817.
3, 31, 53, 16073
List the prime factors of 188319500.
2, 5, 376639
List the prime factors of 1036224139.
59, 1873, 9377
List the prime factors of 202209086.
2, 101104543
List the prime factors of 95919551.
7, 13, 1054061
What are the prime factors of 504561872?
2, 19, 109, 15227
List the prime factors of 67296361.
11, 6117851
What are the prime factors of 593270375?
5, 4746163
List the prime factors of 251573261.
727, 346043
What are the prime factors of 897121803?
3, 19, 31, 113, 4493
List the prime factors of 50525438.
2, 587, 43037
List the prime factors of 180457729.
127, 701, 2027
What are the prime factors of 1065570415?
5, 7, 13, 73, 4583
What are the prime factors of 1112564074?
2, 151, 401, 9187
List the prime factors of 322938121.
11, 29358011
What are the prime factors of 11129571?
3, 67, 18457
List the prime factors of 131791428.
2, 3, 29, 1451
List the prime factors of 140932284.
2, 3, 1997, 5881
List the prime factors of 95788475.
5, 89, 43051
List the prime factors of 2602159054.
2, 11, 41, 97, 29741
What are the prime factors of 580801067?
7, 11, 29, 73, 509
What are the prime factors of 5686154933?
5686154933
List the prime factors of 824158587.
3, 7, 1151, 4871
List the prime factors of 48168960.
2, 3, 5, 7
List the prime factors of 2486105710.
2, 5, 11, 367, 61583
What are the prime factors of 42361743?
3, 97, 149, 977
List the prime factors of 1178927679.
3, 17, 367, 62987
What are the prime factors of 295580796?
2, 3, 7, 19, 43, 59, 73
List the prime factors of 367493278.
2, 29, 6336091
What are the prime factors of 354030?
2, 3, 5, 11801
List the prime factors of 95897541.
3, 19, 1682413
What are the prime factors of 1134772727?
11, 613, 15299
List the prime factors of 6938559491.
1601, 4333891
What are the prime factors of 455141296?
2, 23, 1236797
What are the prime factors of 92407503?
3, 30802501
What are the prime factors of 421936497?
3, 46881833
What are the prime factors of 2259598041?
3, 827, 303587
List the prime factors of 962456310.
2, 3, 5, 97, 36749
What are the prime factors of 2126045304?
2, 3, 947, 31181
What are the prime factors of 10224410?
2, 5, 7, 146063
What are the prime factors of 31293582?
2, 3, 5215597
What are the prime factors of 225643894?
2, 7, 16117421
List the prime factors of 75001022.
2, 23, 1630457
What are the prime factors of 4682944788?
2, 3, 1151, 339049
What are the prime factors of 125913052?
2, 4057, 7759
List the prime factors of 1669592259.
3, 5237, 35423
List the prime factors of 898198931.
7, 41, 3129613
What are the prime factors of 197589921?
3, 65863307
What are the prime factors of 213893239?
7, 30556177
List the prime factors of 3398374059.
3, 1132791353
List the prime factors of 516996576.
2, 3, 23, 78049
What are the prime factors of 1542681092?
2, 6329, 60937
What are the prime factors of 194881898?
2, 19, 23, 222977
What are the prime factors of 934292822?
2, 1657, 281923
List the prime factors of 400268570.
2, 5, 13, 17, 139, 1303
What are the prime factors of 4782094596?
2, 3, 31, 239, 17929
List the prime factors of 210182280.
2, 3, 5, 7, 11, 23, 43
What are the prime factors of 291200260?
2, 5, 13, 1120001
List the prime factors of 746915156.
2, 13, 19, 23, 32869
What are the prime factors of 29720425?
5, 7, 169831
What are the prime factors of 881946352?
2, 7, 47, 167543
What are the prime factors of 5280773?
5280773
What are the prime factors of 1222804398?
2, 3, 787, 258959
List the prime factors of 4551861903.
3, 1517287301
List the prime factors of 7113257948.
2, 32363, 54949
List the prime factors of 275933610.
2, 3, 5, 3065929
List the prime factors of 138998549.
599, 232051
What are the prime factors of 769692459?
3, 17, 31, 486839
List the prime factors of 57512283.
3, 19170761
List the prime factors of 122173453.
113, 991, 1091
List the prime factors of 3766941559.
277, 2579, 5273
What are the prime factors of 67273170?
2, 3, 5, 127, 17657
List the prime factors of 225198390.
2, 3, 5, 67, 181, 619
What are the prime factors of 6233345041?
7, 11, 80952533
List the prime factors of 207298079.
207298079
List the prime factors of 248152537.
248152537
List the prime factors of 32705223.
3, 10901741
What are the prime factors of 186711295?
5, 31, 599, 2011
List the prime factors of 26990959.
26990959
What are the prime factors of 605811545?
5, 37, 3274657
List the prime factors of 1093158872.
2, 13, 10511143
What are the prime factors of 196529047?
11, 13, 103, 1213
What are the prime factors of 32143773?
3, 109, 98299
List the prime factors of 217978921.
113, 167, 11551
List the prime factors of 56442867.
3, 13, 103, 14051
What are the prime factors of 108091365?
3, 5, 2153, 3347
What are the prime factors of 401498365?
5, 137, 586129
What are the prime factors of 1387547629?
13, 181, 45361
List the prime factors of 196447014.
2, 3, 10913723
What are the prime factors of 70259791?
7, 587, 17099
List the prime factors of 774692406.
2, 3, 43038467
What are the prime factors of 6916137144?
2, 3, 7, 5881069
What are the prime factors of 408189546?
2, 3, 22677197
What are the prime factors of 748373509?
13, 149, 2593
List the prime factors of 463462170.
2, 3, 5, 43, 443, 811
List the prime factors of 6106544301.
3, 11, 13, 53, 268573
List the prime factors of 29231801.
29231801
What are the prime factors of 278749641?
3, 953, 97499
List the prime factors of 406870877.
7, 17, 31, 53, 2081
List the prime factors of 751510563.
3, 250503521
What are the prime factors of 75660937?
11, 71, 8807
List the prime factors of 46504658.
2, 23252329
What are the prime factors of 55095553?
37, 1489069
What are the prime factors of 72132086?
2, 13, 2774311
What are the prime factors of 579660851?
7, 11, 7528063
List the prime factors of 4625881123.
4625881123
What are the prime factors of 917967171?
3, 11, 4933, 5639
List the prime factors of 98918728.
2, 103, 120047
List the prime factors of 84726649.
7, 83, 145829
What are the prime factors of 2009623?
7, 11, 26099
List the prime factors of 44742216.
2, 3, 1864259
List the prime factors of 26015553.
3, 23, 41893
What are the prime factors of 156905659?
829, 189271
What are the prime factors of 2131915163?
7, 859, 354551
What are the prime factors of 6256636184?
2, 401, 1950323
What are the prime factors of 639316806?
2, 3, 106552801
What are the prime factors of 560290363?
560290363
What are the prime factors of 486939688?
2, 60867461
What are the prime factors of 2096859?
3, 19, 36787
What are the prime factors of 43148207?
23, 1876009
List the prime factors of 9900131.
163, 60737
What are the prime factors of 114378602?
2, 13, 41, 2617
List the prime factors of 44912471.
44912471
What are the prime factors of 327142312?
2, 7, 167, 34981
List the prime factors of 51983567.
149, 348883
What are the prime factors of 1816210515?
3, 5, 7, 283, 61121
What are the prime factors of 523820374?
2, 7, 11, 28111
List the prime factors of 122279500.
2, 5, 7, 23, 31
What are the prime factors of 926168787?
3, 43, 271, 8831
What are the prime factors of 34184867?
71, 467, 1031
List the prime factors of 2290494926.
2, 1145247463
List the prime factors of 431299133.
431299133
List the prime factors of 626227409.
463, 1352543
List the prime factors of 58877355.
3, 5, 23, 157, 1087
List the prime factors of 3861219.
3, 479, 2687
What are the prime factors of 31160835?
3, 5, 71, 3251
What are the prime factors of 346867600?
2, 5, 23, 37, 1019
What are the prime factors of 24035031?
3, 73, 36583
What are the prime factors of 151985073?
3, 41, 1235651
What are the prime factors of 84219541?
7, 659, 18257
What are the prime factors of 1131653461?
1131653461
What are the prime factors of 3182108146?
2, 7, 227293439
List the prime factors of 141672566.
2, 7, 1559, 6491
What are the prime factors of 654094923?
3, 218031641
List the prime factors of 266336320.
2, 5, 23, 36187
What are the prime factors of 766893089?
43, 241, 1721
List the prime factors of 2252427.
3, 750809
List the prime factors of 622016206.
2, 7, 937, 47417
